 -s + 5 = g*s. What is the highest common divisor of w and s?
1
Let m = 15 - -3. What is the greatest common factor of m and 90?
18
Let w = -121 - -212. Calculate the highest common factor of w and 13.
13
Suppose 2*o = 5*b - 2*b + 34, -3*o + 5*b = -49. Calculate the highest common divisor of o and 23.
23
Let l(q) = q**3 - 4*q**2 - 8*q + 3. Let d be l(5). Let a be (6/d)/((-2)/(-8)). Let b be 78 - (a/1 + -1). What is the greatest common divisor of 9 and b?
9
Suppose 4*d = -5*d + 54. What is the highest common divisor of 6 and d?
6
Let z = -85 - -115. What is the highest common factor of z and 30?
30
Let y(m) = -2*m + 16. Let u be y(0). What is the greatest common divisor of 48 and u?
16
Let o = -21 - -48. Calculate the greatest common divisor of 27 and o.
27
Suppose 0*a - 2*a + 4 = m, 3 = -a - 3*m. Suppose j - 24 = -4*n + a*j, 2*n + 4*j = 2. Suppose 4*v + 9 = 49. Calculate the greatest common factor of v and n.
5
Let x be 84/10 + (-6)/15. Let k be (126/189)/(0 + (-2)/(-36)). What is the highest common divisor of x and k?
4
Let t(f) = 8*f - 29. Let l be t(16). What is the highest common divisor of 66 and l?
33
Let v(b) be the first derivative of 2/3*b**3 - b + 1/2*b**2 + 2. Let t be v(2). What is the greatest common divisor of t and 3?
3
Let t be (18/(-7))/(2/28). Let l = -12 - t. Let n be 376/l + (-2)/(-6). Calculate the greatest common divisor of 112 and n.
16
Suppose -187 = -5*d - 22. Let g be ((-130)/40)/((-2)/(-8)). Let j = d + g. What is the greatest common factor of 40 and j?
20
Let z be 70 + 0/(-3) + -4. What is the highest common factor of z and 6?
6
Let g = -2 + 4. Suppose 2*w - 3*h - 13 = 0, 2*w = -g*h - 0*h + 8. Suppose w*f + 2*o = 5, -1 = -3*f + 5*o + 2. Calculate the greatest common divisor of f and 7.
1
Let m(b) = 2*b - 1. Let l be m(3). Suppose 0 = -0*z + 4*z - 5*n - 265, l*n = -4*z + 295. Calculate the highest common factor of z and 14.
14
Suppose 5*z + 117 = 2*z. Let w = 58 + z. Suppose 3*d + 2*x + 34 = 5*d, 0 = -3*d + 2*x + 53. Calculate the greatest common factor of d and w.
19
Let h(j) = -j**3 - 5*j**2 + 2. Let n(x) = -6*x + 1. Let s be n(1). Let f be h(s). Suppose -6 = f*m - 3*m. Calculate the greatest common factor of m and 18.
6
Suppose -4*m - 5*s = -345, 3*m + s - 177 = m. Suppose 5*l = 70 + m. Calculate the highest common divisor of l and 8.
8
Let a(i) = 17 - 4 + 3*i + 5*i + 4*i**2 - 5*i**2. Let x be a(7). What is the greatest common factor of x and 220?
20
Suppose 0*n + 264 = 3*n. What is the highest common divisor of n and 132?
44
Let r(c) = -2*c**3 - 11*c**2 + 8*c + 19. Let i be r(-6). Calculate the greatest common divisor of i and 21.
7
Suppose -4*d = 5*q - 2*d - 24, 2*q + 5*d - 18 = 0. Suppose q = 3*x - 2. Let j be (11 - -2)/(x/4). What is the greatest common factor of 286 and j?
26
Let c(l) be the first derivative of -1/2*l**2 + l - 2. Let r be c(-7). What is the greatest common divisor of r and 20?
4
Let b = -47 - -69. Let j be (5 - -1)/(10 - (-864)/(-88)). What is the highest common factor of j and b?
11
Suppose -4*i = 4*l - 212, -2*l - l + 179 = -i. What is the highest common factor of 145 and l?
29
Suppose -4*c - 5*v = -643, 3*v + 3 = 12. Suppose -5*r + c = 4*s, 34 = s - 2*r - 2*r. Calculate the highest common divisor of s and 95.
19
Let g(t) = 3*t + 32. Let v be g(0). What is the highest common factor of 80 and v?
16
Suppose 3*y - 11 = 2*x - x, 0 = 4*x - 3*y - 1. Suppose -6*o - x*p = -o - 542, 3*o = -2*p + 326. Calculate the highest common factor of 11 and o.
11
Suppose 0*n + 10 = 5*n. Let k be -2 + 12/1 + n. Let v be ((-3)/9)/((-5)/90). Calculate the greatest common divisor of k and v.
6
Let h = -25 + 71. What is the highest common divisor of h and 2?
2
Let x be -6*4*20/(-6). What is the highest common divisor of 10 and x?
10
Suppose -2*z - j - 2 = 0, -2*z = -2*j - 3*j - 22. Suppose 0 = k + 4*n + 3, -z = -n - 3. Calculate the greatest common factor of k and 25.
5
Suppose 0 = -2*r - 1 + 19. What is the greatest common factor of 63 and r?
9
Let l(f) = -3*f + 1. Let a be l(-3). Let j be a/(-15) + 122/3. Let y = -22 + j. What is the highest common factor of 45 and y?
9
Let k be (-3)/15*-227 + (-2)/5. Calculate the greatest common divisor of 60 and k.
15
Let b(t) = 3*t + 35. Let s be b(-4). What is the highest common divisor of s and 23?
23
Let z(u) = u**3 + 11*u**2 - 13*u + 4. Let t = -17 + 5. Let w be z(t). What is the highest common factor of 4 and w?
4
Let z = -1 - -4. Let r(u) = u - 5. Let o be r(4). Let y be -1 + 5 + (o - 0). Calculate the highest common factor of y and z.
3
Suppose 0*p = -2*d - 4*p + 42, 53 = 3*d + p. Let n = -11 + d. Let l = -107 - -161. What is the greatest common factor of l and n?
6
Let b be 28/(-6)*(-28 + 4). Calculate the highest common divisor of b and 14.
14
Suppose 3*h = -3*x + 6, 2*x + 2 = 4. Calculate the highest common divisor of h and 9.
1
Suppose 151 + 129 = 5*c. Suppose 5*g - c = -6. Calculate the highest common factor of g and 40.
10
Let c(r) = r**2 + 4*r. Let s be c(-4). Suppose s = -5*z + z + 28. Let p be ((-14)/4)/((-11)/242). Calculate the greatest common factor of p and z.
7
Let s be -2*(-1 - (-21)/6). Let h = s + 19. What is the highest common factor of 42 and h?
14
Suppose 3*d - 153 - 9 = -3*f, -5*d - 300 = -5*f. Let n = 105 + f. What is the highest common factor of 18 and n?
18
Suppose -5*b + 44 = -16. What is the highest common divisor of b and 3?
3
Suppose 5*u + 2*g - 5 = 7*g, 4*u - 10 = g. Let t = u - 0. Let w = 8 - -16. Calculate the greatest common divisor of w and t.
3
Let a(b) = b**3 + 2*b + 2. Let x be a(0). What is the greatest common divisor of 10 and x?
2
Let s be (-2)/(-8) + 95/4. Suppose 5*y - 59 = -2*x, 0 = 2*y - 6*x + 7*x - s. Calculate the greatest common divisor of y and 88.
11
Let u(d) = -d**2 - 9*d - 4. Suppose o = -2*o - 12. Let q be u(o). What is the greatest common factor of 64 and q?
16
Let w be 1/(-1 + 20/18). What is the greatest common divisor of w and 99?
9
Suppose 0 = -2*i + 8 + 6. Suppose 0 = -i*h + 3*h + 264. Suppose -6*l - h = -9*l. What is the highest common factor of 55 and l?
11
Let b = 19 - 4. Calculate the highest common divisor of b and 30.
15
Let b = 3 + 1. Suppose -2*n - 6 = b*y, 29 = 5*n + y - 2*y. Calculate the greatest common factor of n and 2.
1
Let v be ((-4)/6)/(6/(-27)). Let i = v + -1. Suppose i*t + 5*y = -6 + 23, 3 = 3*y. What is the greatest common divisor of 18 and t?
6
Let r be 2/(-7) - 1600/(-14). Let d be 2/(-4) + r/12. What is the highest common divisor of d and 63?
9
Let n = 158 - 83. Let s = 154 + -104. What is the greatest common factor of n and s?
25
Suppose 0 = z + 8*d - 6*d - 4, 4*z = -2*d + 22. What is the greatest common factor of 24 and z?
6
Suppose -5*z + 3*z = -10. Suppose 5*l = 3*q + z, -2*q = 4*l - q - 21. Calculate the greatest common divisor of 32 and l.
4
Suppose -2*b + 53 = 5*i, -b - 3*i - 43 = -2*b. What is the greatest common divisor of b and 170?
34
Let u(l) = -l**3 + 4*l**2 + 6*l - 7. Let k be u(4). Let a be (-34)/(-1 + (0 - 1)). Calculate the greatest common divisor of k and a.
17
Suppose 6*x + 55 = 7*x. What is the highest common divisor of x and 22?
11
Let u be (24/(-10))/(4/(-80)). What is the highest common divisor of u and 120?
24
Suppose -2*s = 2*s. Suppose 2*c + 17 = 3*p - 3*c, s = -p - 3*c + 29. What is the greatest common factor of p and 21?
7
Suppose -5*u + 0*u = -4*l + 131, -175 = -5*l - 5*u. What is the greatest common divisor of 85 and l?
17
Let k(t) = t**2 - 10*t + 4. Let a(n) = 2*n**3 - n**2 - n. Let s be a(2). Let c be k(s). What is the greatest common factor of c and 44?
4
Let p be 876/10 - (-10)/25. Calculate the highest common divisor of p and 8.
8
Suppose -w - 12 = 3*b, -5*w + 2*b + 16 = -9. Let d be (7/w)/((-5)/(-165)). Let p(c) = 3*c - 7. Let o be p(6). What is the greatest common divisor of d and o?
11
Suppose -24 = -2*n - 2*n. Suppose 2*a - n*a = -100. What is the highest common divisor of 10 and a?
5
Suppose 5 = 6*m - 31. What is the greatest common divisor of m and 1?
1
Suppose 5*x - 299 - 86 = 0. Let j be ((-2)/4)/((-2)/(-4)). Let k be j - (1 + -2 - 7). What is the highest common divisor of k and x?
7
Let j = -16 - -30. Let n be (-14)/(-4)*20/1. Let s = 126 - n. Calculate the highest common divisor of j and s.
14
Let w(r) = r - 1. Let a be w(3). Suppose 0*l + 2